{"id":593,"date":"2018-02-07T12:59:46","date_gmt":"2018-02-07T11:59:46","guid":{"rendered":"http:\/\/dorotheabaltzer.de\/?page_id=593"},"modified":"2018-10-27T15:37:13","modified_gmt":"2018-10-27T14:37:13","slug":"tourneetheater-stuttgart-illusionen-einer-ehe","status":"publish","type":"page","link":"https:\/\/wordpress-vgo440g88g4ow00008s4ook4.huppenbauer.net\/?page_id=593","title":{"rendered":"Tourneetheater Stuttgart &#8222;Illusionen einer Ehe&#8220;"},"content":{"rendered":"<p><strong>Tourneetheater Stuttgart &#8222;Illusionen einer Ehe&#8220;<\/strong><\/p>\n<p>Ada und Felix sind nicht mehr ganz frisch verheiratet, aber gl\u00fccklich. Eigentlich. Doch nun lockt die Neugierde, der Ausbruch aus dem Ehe-Einerlei. Sie will von ihm wissen, wie viele Seitenspr\u00fcnge er sich w\u00e4hrend der Ehe geleistet hat. Eine heikle Frage, die den trauten Ehemann nicht nur in Verlegenheit, sondern auch in au\u00dferordentliche Rage versetzt. Schlie\u00dflich gibt er zw\u00f6lf, meist sehr kurzlebige Begegnungen zu. Im Gegenzug gesteht Ada einen einzigen Seitensprung, der aber immerhin neun Monate andauerte\u2026<\/p>\n<p>Mit &#8222;Illusionen einer Ehe&#8220; bietet Eric Assous franz\u00f6sisches Boulevardtheater von gehobenem Niveau und eine moderne Kom\u00f6die \u00fcber Liebe, L\u00fcgen und Eifersucht, die mit ihren humorvollen Dialogen, \u00fcberraschenden Wendungen und feinen Charakterzeichnungen Unterhaltung der besten Art garantiert! Vom ersten Augenblick fesselt das St\u00fcck, macht manchmal richtig schwindlig und bleibt spannend bis zum Schluss.<\/p>\n<p><img decoding=\"async\" src=\"https:\/\/wordpress-vgo440g88g4ow00008s4ook4.huppenbauer.net\/wp-content\/uploads\/2018\/10\/IEE_PLAKAT_RGB.jpg\" style=\"width: 100%;\" \/><\/p>\n","protected":false},"excerpt":{"rendered":"<p>Tourneetheater Stuttgart &#8222;Illusionen einer Ehe&#8220; Ada und Felix sind nicht mehr ganz frisch verheiratet, aber gl\u00fccklich. Eigentlich. Doch nun lockt die Neugierde, der Ausbruch aus dem Ehe-Einerlei. Sie will von [&hellip;]<\/p>\n","protected":false},"author":5,"featured_media":0,"parent":0,"menu_order":0,"comment_status":"closed","ping_status":"closed","template":"","meta":{"footnotes":""},"class_list":["post-593","page","type-page","status-publish","hentry"],"_links":{"self":[{"href":"https:\/\/wordpress-vgo440g88g4ow00008s4ook4.huppenbauer.net\/index.php?rest_route=\/wp\/v2\/pages\/593","targetHints":{"allow":["GET"]}}],"collection":[{"href":"https:\/\/wordpress-vgo440g88g4ow00008s4ook4.huppenbauer.net\/index.php?rest_route=\/wp\/v2\/pages"}],"about":[{"href":"https:\/\/wordpress-vgo440g88g4ow00008s4ook4.huppenbauer.net\/index.php?rest_route=\/wp\/v2\/types\/page"}],"author":[{"embeddable":true,"href":"https:\/\/wordpress-vgo440g88g4ow00008s4ook4.huppenbauer.net\/index.php?rest_route=\/wp\/v2\/users\/5"}],"replies":[{"embeddable":true,"href":"https:\/\/wordpress-vgo440g88g4ow00008s4ook4.huppenbauer.net\/index.php?rest_route=%2Fwp%2Fv2%2Fcomments&post=593"}],"version-history":[{"count":6,"href":"https:\/\/wordpress-vgo440g88g4ow00008s4ook4.huppenbauer.net\/index.php?rest_route=\/wp\/v2\/pages\/593\/revisions"}],"predecessor-version":[{"id":595,"href":"https:\/\/wordpress-vgo440g88g4ow00008s4ook4.huppenbauer.net\/index.php?rest_route=\/wp\/v2\/pages\/593\/revisions\/595"}],"wp:attachment":[{"href":"https:\/\/wordpress-vgo440g88g4ow00008s4ook4.huppenbauer.net\/index.php?rest_route=%2Fwp%2Fv2%2Fmedia&parent=593"}],"curies":[{"name":"wp","href":"https:\/\/api.w.org\/{rel}","templated":true}]}}