{"id":506,"date":"2014-10-06T19:28:26","date_gmt":"2014-10-06T17:28:26","guid":{"rendered":"http:\/\/dorotheabaltzer.de\/?page_id=506"},"modified":"2019-12-01T23:06:27","modified_gmt":"2019-12-01T22:06:27","slug":"presse","status":"publish","type":"page","link":"https:\/\/wordpress-vgo440g88g4ow00008s4ook4.huppenbauer.net\/?page_id=506","title":{"rendered":"Presse"},"content":{"rendered":"<p><strong>Jean Paul Sarte,&#8220;Geschlossene Gesellschaft&#8220;<\/strong><\/p>\n<ul>\n<li><a href=\"https:\/\/wordpress-vgo440g88g4ow00008s4ook4.huppenbauer.net\/?page_id=678\">&#8222;Nach knapp zwei Stunden endet ein intensiver Theaterabend mit gro\u00dfem Applaus f\u00fcr das hervorragende Ensemble&#8220;<\/a>&#8211; Schwarzwald Bote<\/li>\n<p>&nbsp;<\/p>\n<hr \/>\n<p>&nbsp;<\/p>\n<p><strong>Illusion einer Ehe<\/strong><\/p>\n<ul>\n<li><a href=\"https:\/\/wordpress-vgo440g88g4ow00008s4ook4.huppenbauer.net\/?page_id=645\">&#8222;Das Publikum konnte sich sichtlich erfreuen an den jeweils 30 Jahren Schauspielerfahrung die Ellmer mit seinen Kollegen Dorothea und Dirk Deininger, mitbrachten.&#8220;<\/a>&#8211; Linkenbach Zeitung<\/li>\n<p>&nbsp;<\/p>\n<hr \/>\n<p>&nbsp;<\/p>\n<li><a href=\"https:\/\/wordpress-vgo440g88g4ow00008s4ook4.huppenbauer.net\/?page_id=641\">&#8222;Die drei Schauspieler bl\u00fchten bei der Kom\u00f6die regelrecht auf, allen voran Dorothea Baltzer als eifers\u00fcchtige Ehefrau mit schlechtem Gewissen.&#8220;<\/a>&#8211; Mittelbadische Zeitung<\/li>\n<p>&nbsp;<\/p>\n<hr \/>\n<p>&nbsp;<\/p>\n<li><a href=\"https:\/\/wordpress-vgo440g88g4ow00008s4ook4.huppenbauer.net\/?page_id=636\">&#8222;Dorothea Baltzer, Klaus Ellmer und Dirk Deininger boten gro\u00dfes Theater im Nix.&#8220;<\/a>&#8211; Blaubeuren<\/li>\n<p>&nbsp;<\/p>\n<hr \/>\n<p>&nbsp;<\/p>\n<li><a href=\"https:\/\/wordpress-vgo440g88g4ow00008s4ook4.huppenbauer.net\/?page_id=617\">&#8222;Das Publikum im vollbesetzen Kunstvereinkeller hing den drei Schauspielern an den Lippen.&#8220;<\/a>&#8211; Stuttgarter Zeitung<\/li>\n<p>&nbsp;<\/p>\n<hr \/>\n<p>&nbsp;<\/p>\n<li><a href=\"https:\/\/wordpress-vgo440g88g4ow00008s4ook4.huppenbauer.net\/?page_id=620\">&#8222;Mit Dorothea Baltzer, Dirk Deininger und Klaus Ellmer traten denn auch prompt drei Schauspieler auf die B\u00fchne die dem Publikum durchaus &#8218;Lust auf mehr&#8216; vermitteln konnten.&#8220;<\/a>&#8211; Malb\u00fccher Zeitung<\/li>\n<\/ul>\n<p>&nbsp;<br \/>\n&nbsp;<\/p>\n<p><strong>Martin Luther in Text und Musik<\/strong><\/p>\n<ul>\n<li><a href=\"https:\/\/www.nrz.de\/staedte\/wesel-hamminkeln-schermbeck\/martin-luther-in-text-und-musik-id212187405.html\">&#8222;Dorothea Baltzer zeigte, dass Vorlesen eine Kunst ist, und es zwischen Reden (k\u00f6nnen fast alle) und Sprechen gro\u00dfe Unterschiede gibt.&#8220; <\/a> <a href=\"https:\/\/wordpress-vgo440g88g4ow00008s4ook4.huppenbauer.net\/?page_id=579\" title=\"Martin Luther in Text und Musik\"><\/a>&#8211; Artikel aus der NRZ<\/li>\n<\/ul>\n<p>&nbsp;<\/p>\n<hr \/>\n<p>&nbsp;<\/p>\n<p><strong>Der Gott des Gemetzels<\/strong><\/p>\n<p>&nbsp;<\/p>\n<ul>\n<li>\u00a0<a href=\"http:\/\/www.taunus-zeitung.de\/lokales\/hochtaunus\/In-menschliche-Abgruende;art690,241808\">&#8222;Bravour\u00f6s schafft Baltzer den Spagat zwischen besorgter Mutter und emp\u00f6rter, humorloser Furie&#8230;&#8220;<\/a> &#8211; Artikel aus der Taunus-Zeitung<\/li>\n<\/ul>\n<p>&nbsp;<\/p>\n<hr \/>\n<p>&nbsp;<\/p>\n<ul>\n<li><a href=\"http:\/\/www.stuttgarter-zeitung.de\/inhalt.nikolaus-cusanus-haus-wenn-die-baelger-sich-balgen.3f7bac64-ca9c-42dd-ac8c-cf2855998002.html\">&#8222;Manchmal kommt Dorothea Baltzer als Gutmenschin Veronique in die N\u00e4he einer Charakterstudie nach dem Muster von Liz Taylor im Film-Klassiker [&#8230;]&#8220;<\/a> &#8211; aus der Stuttgarter Zeitung<\/li>\n<\/ul>\n<p>&nbsp;<\/p>\n<hr \/>\n<p>&nbsp;<\/p>\n<ul>\n<li><a href=\"http:\/\/www.tourneetheater.net\/dgdg\/Dokumente\/DGDG%20Presse%20Altensteig%2010%202013.pdf\">&#8222;Razas Erfolgsst\u00fcck bot den durchweg \u00fcberzeugenden Schauspielern des Stuttgarter Tourneetheaters in Altensteig kolossale M\u00f6glichkeiten [&#8230;]&#8220;<\/a> &#8211; Schwarzw\u00e4lder Bote<\/li>\n<\/ul>\n<p>&nbsp;<\/p>\n<hr \/>\n<p>&nbsp;<\/p>\n<p>&nbsp;<\/p>\n<p><strong>In der Mitte des Netzes<\/strong><\/p>\n<p>&nbsp;<\/p>\n<ul>\n<li>\u00a0<a href=\"http:\/\/www.eifelzeitung.de\/2013\/01\/in-der-mitte-des-netzes-helmuth-james-von-moltke-23031\/\">&#8222;Die Bombe ist im Kopf und nicht im Koffer&#8220;<\/a>\u00a0&#8211;\u00a0Artikel in der Eiffel-Zeitung<\/li>\n<\/ul>\n<p>&nbsp;<\/p>\n<hr \/>\n<p>&nbsp;<\/p>\n<ul>\n<li><a href=\"http:\/\/www.hdhbw.de\/?R%FCckschau:Lesungen\">&#8222;Hinter einem gro\u00dfen Mann [&#8230;] steht eine starke Frau.&#8220;<\/a> &#8211; \u00a0Haus der Heimat<\/li>\n<\/ul>\n<p>&nbsp;<\/p>\n<hr \/>\n<p>&nbsp;<\/p>\n<p>&nbsp;<\/p>\n<p><strong>Lesungen &amp; Spazierg\u00e4nge<\/strong><\/p>\n<p>&nbsp;<\/p>\n<ul>\n<li><a href=\"http:\/\/www.volksfreund.de\/nachrichten\/region\/wittlich\/aktuell\/Heute-in-der-Wittlicher-Zeitung-Graf-von-Moltke-Ein-Leben-fuer-den-Widerstand-und-die-Liebe;art8137,3423562\">&#8222;Die rund 50 Zuschauer sind gebannt und folgen der eindrucksvollen Darbietung der Schauspieler Dorothea Baltzer und Robert Atzlinger.&#8220;<\/a> &#8211; Ein Artikel der Seite Volksfreund.de<\/li>\n<\/ul>\n<p>&nbsp;<\/p>\n<hr \/>\n<p>&nbsp;<\/p>\n<ul>\n<li><a href=\"http:\/\/www.marbacher-zeitung.de\/inhalt.marbach-ganz-ohne-schiller-geht-es-doch-nicht.88dbfaaa-e1cc-4ea9-a263-b3ece40448b8.html\">&#8222;Baltzer zeigte den Literaturfreunden auch reizvolle Nebenwege&#8220;<\/a>\u00a0&#8211; Aus der Marbacher Zeitung<\/li>\n<\/ul>\n<p>&nbsp;<\/p>\n<hr \/>\n<p>&nbsp;<\/p>\n<ul>\n<li><a href=\"http:\/\/www.eifelzeitung.de\/2013\/04\/weitere-hohepunkte-der-wittlicher-kulturtage-25993\/\">&#8222;Herausgekommen ist eine \u00e4sthetische Veranstaltung mit Sprache und Musik, mit Temperament und Gef\u00fchl, die das Genie des auch hochmusikalischen Lorcas vergegenw\u00e4rtigt.&#8220;<\/a> &#8211; Ausschnitt aus der Eiffel-Zeitung<\/li>\n<\/ul>\n<p>&nbsp;<\/p>\n<hr \/>\n<p>&nbsp;<\/p>\n<ul>\n<li><a href=\"http:\/\/remszeitung.de\/2009\/7\/14\/Lorcher-Vereine-feierten-mit-einem-bunten-Aktionsprogramm-den-250-Geburtstag-Schillers\/\">&#8222;Die Stuttgarter Schauspielerin Dorothea Baltzer rezitierte ausdrucksvoll Schillerballaden&#8220;<\/a> &#8211; Aus der Rems-Zeitung<\/li>\n<\/ul>\n<p>&nbsp;<\/p>\n<hr \/>\n<p>&nbsp;<\/p>\n<ul>\n<li><a href=\"http:\/\/www.stuttgarter-nachrichten.de\/inhalt.maerchenspaziergang-in-hohenheim-futter-fuer-die-fantasie.7425bf25-549e-4e28-9fa8-3003a4cb4d9a.html\">&#8222;Dank der mystischen Stimmung braucht sie da nicht mal ein Kost\u00fcm.&#8220;<\/a> \u00a0&#8211; \u00a0Stuttgarter Nachrichten<\/li>\n<\/ul>\n<p>&nbsp;<\/p>\n<hr \/>\n<p>&nbsp;<br \/>\n<strong>Jiddische Lieder<\/strong><br \/>\n&nbsp;<\/p>\n<ul>\n<li><a href=\"https:\/\/wordpress-vgo440g88g4ow00008s4ook4.huppenbauer.net\/wp-content\/uploads\/2015\/11\/Kastellaun_bereinigt.pdf\">\u00a0&#8222;Ihre wunderbare Stimme, ob gesanglich oder sprachlich, und ihre geniale Schauspielkunst&#8230;&#8220;<\/a> &#8211; Rhein-Zeitung<\/li>\n<\/ul>\n<p>&nbsp;<\/p>\n<hr \/>\n","protected":false},"excerpt":{"rendered":"<p>Jean Paul Sarte,&#8220;Geschlossene Gesellschaft&#8220; &#8222;Nach knapp zwei Stunden endet ein intensiver Theaterabend mit gro\u00dfem Applaus f\u00fcr das hervorragende Ensemble&#8220;&#8211; Schwarzwald Bote &nbsp; &nbsp; Illusion einer Ehe &#8222;Das Publikum konnte sich [&hellip;]<\/p>\n","protected":false},"author":5,"featured_media":0,"parent":0,"menu_order":0,"comment_status":"open","ping_status":"open","template":"","meta":{"footnotes":""},"class_list":["post-506","page","type-page","status-publish","hentry"],"_links":{"self":[{"href":"https:\/\/wordpress-vgo440g88g4ow00008s4ook4.huppenbauer.net\/index.php?rest_route=\/wp\/v2\/pages\/506","targetHints":{"allow":["GET"]}}],"collection":[{"href":"https:\/\/wordpress-vgo440g88g4ow00008s4ook4.huppenbauer.net\/index.php?rest_route=\/wp\/v2\/pages"}],"about":[{"href":"https:\/\/wordpress-vgo440g88g4ow00008s4ook4.huppenbauer.net\/index.php?rest_route=\/wp\/v2\/types\/page"}],"author":[{"embeddable":true,"href":"https:\/\/wordpress-vgo440g88g4ow00008s4ook4.huppenbauer.net\/index.php?rest_route=\/wp\/v2\/users\/5"}],"replies":[{"embeddable":true,"href":"https:\/\/wordpress-vgo440g88g4ow00008s4ook4.huppenbauer.net\/index.php?rest_route=%2Fwp%2Fv2%2Fcomments&post=506"}],"version-history":[{"count":48,"href":"https:\/\/wordpress-vgo440g88g4ow00008s4ook4.huppenbauer.net\/index.php?rest_route=\/wp\/v2\/pages\/506\/revisions"}],"predecessor-version":[{"id":677,"href":"https:\/\/wordpress-vgo440g88g4ow00008s4ook4.huppenbauer.net\/index.php?rest_route=\/wp\/v2\/pages\/506\/revisions\/677"}],"wp:attachment":[{"href":"https:\/\/wordpress-vgo440g88g4ow00008s4ook4.huppenbauer.net\/index.php?rest_route=%2Fwp%2Fv2%2Fmedia&parent=506"}],"curies":[{"name":"wp","href":"https:\/\/api.w.org\/{rel}","templated":true}]}}