{"id":385,"date":"2014-01-28T18:53:05","date_gmt":"2014-01-28T18:53:05","guid":{"rendered":"http:\/\/dorotheabaltzer.de\/?page_id=385"},"modified":"2014-01-28T18:54:21","modified_gmt":"2014-01-28T18:54:21","slug":"die-kleinbuergerhochzeit","status":"publish","type":"page","link":"https:\/\/wordpress-vgo440g88g4ow00008s4ook4.huppenbauer.net\/?page_id=385","title":{"rendered":"Die Kleinb\u00fcrgerhochzeit"},"content":{"rendered":"<h3>Die Kleinb\u00fcrgerhochzeit &#8211; Berthold Brecht (1992)<\/h3>\n<p>In dem von Bertolt Brecht verfassten Einakter \u201eDie Kleinb\u00fcrgerhochzeit\u201c wird die gespielte Idylle des Kleinb\u00fcrgertums kom\u00f6diantisch zur Schau gestellt. Der Brautvater versucht immer wieder hartn\u00e4ckig, unterschiedliche Anekdoten aus fr\u00fcherer Zeit zu erz\u00e4hlen. Die Braut erz\u00e4hlt den G\u00e4sten stolz vom selbstgemachten Mobiliar ihres Br\u00e4utigams, da sie nicht m\u00f6chte, dass ihr Vater peinliche und unangebrachte Anekdoten kundtut. Mehr und mehr G\u00e4ste verlassen die Hochzeit, da die gesamte Feier aus dem Ruder l\u00e4uft. Das Hochzeitsessen wird ruiniert und das Mobiliar zerst\u00f6rt. Es beginnt mit einerm abgebrochenen Tischbein, geht \u00fcber ein zerst\u00f6rtes Kanapee bis hin zu einem letztendlich zusammenkrachenden Bett, in dem sich das Ehepaar am Ende der Feierlichkeiten befindet. Brecht baute in das St\u00fcck einen kurzen Dialog ein, in dem die Protagonisten abf\u00e4llige Bemerkungen \u00fcber sein eigenes St\u00fcck <a title=\"Baal (Brecht)\" href=\"http:\/\/de.wikipedia.org\/wiki\/Baal_%28Brecht%29\">\u201eBaal\u201c<\/a> austauschen, offenbar mit der listigen Absicht, das Interesse des Publikums an seinem Drama zu wecken. Die Hochzeit, die eigentlich der sch\u00f6nste Tag im Leben einer Braut sein sollte, wird zu einer Farce, bei der nicht nur s\u00e4mtliche M\u00f6bel, sondern auch der gute Ruf des Brautpaares, besonders der der schwangeren Braut und die scheinbar heile Welt des Spie\u00dfb\u00fcrgertums zerst\u00f6rt werden.<\/p>\n<p>&nbsp;<\/p>\n<p>Quelle: Wikipedia<\/p>\n<p>&nbsp;<\/p>\n","protected":false},"excerpt":{"rendered":"<p>Die Kleinb\u00fcrgerhochzeit &#8211; Berthold Brecht (1992) In dem von Bertolt Brecht verfassten Einakter \u201eDie Kleinb\u00fcrgerhochzeit\u201c wird die gespielte Idylle des Kleinb\u00fcrgertums kom\u00f6diantisch zur Schau gestellt. Der Brautvater versucht immer wieder [&hellip;]<\/p>\n","protected":false},"author":5,"featured_media":0,"parent":0,"menu_order":0,"comment_status":"open","ping_status":"open","template":"","meta":{"footnotes":""},"class_list":["post-385","page","type-page","status-publish","hentry"],"_links":{"self":[{"href":"https:\/\/wordpress-vgo440g88g4ow00008s4ook4.huppenbauer.net\/index.php?rest_route=\/wp\/v2\/pages\/385","targetHints":{"allow":["GET"]}}],"collection":[{"href":"https:\/\/wordpress-vgo440g88g4ow00008s4ook4.huppenbauer.net\/index.php?rest_route=\/wp\/v2\/pages"}],"about":[{"href":"https:\/\/wordpress-vgo440g88g4ow00008s4ook4.huppenbauer.net\/index.php?rest_route=\/wp\/v2\/types\/page"}],"author":[{"embeddable":true,"href":"https:\/\/wordpress-vgo440g88g4ow00008s4ook4.huppenbauer.net\/index.php?rest_route=\/wp\/v2\/users\/5"}],"replies":[{"embeddable":true,"href":"https:\/\/wordpress-vgo440g88g4ow00008s4ook4.huppenbauer.net\/index.php?rest_route=%2Fwp%2Fv2%2Fcomments&post=385"}],"version-history":[{"count":3,"href":"https:\/\/wordpress-vgo440g88g4ow00008s4ook4.huppenbauer.net\/index.php?rest_route=\/wp\/v2\/pages\/385\/revisions"}],"predecessor-version":[{"id":387,"href":"https:\/\/wordpress-vgo440g88g4ow00008s4ook4.huppenbauer.net\/index.php?rest_route=\/wp\/v2\/pages\/385\/revisions\/387"}],"wp:attachment":[{"href":"https:\/\/wordpress-vgo440g88g4ow00008s4ook4.huppenbauer.net\/index.php?rest_route=%2Fwp%2Fv2%2Fmedia&parent=385"}],"curies":[{"name":"wp","href":"https:\/\/api.w.org\/{rel}","templated":true}]}}