{"id":19,"date":"2011-02-28T14:19:38","date_gmt":"2011-02-28T14:19:38","guid":{"rendered":"http:\/\/dorotheabaltzer.de\/?page_id=19"},"modified":"2019-04-14T11:41:00","modified_gmt":"2019-04-14T10:41:00","slug":"vita","status":"publish","type":"page","link":"https:\/\/wordpress-vgo440g88g4ow00008s4ook4.huppenbauer.net\/?page_id=19","title":{"rendered":"Vita"},"content":{"rendered":"<p><a href=\"https:\/\/wordpress-vgo440g88g4ow00008s4ook4.huppenbauer.net\/wp-content\/uploads\/2011\/02\/dorothea-bild.jpg\"><img loading=\"lazy\" decoding=\"async\" class=\"alignright wp-image-93 size-medium\" src=\"https:\/\/wordpress-vgo440g88g4ow00008s4ook4.huppenbauer.net\/wp-content\/uploads\/2011\/02\/dorothea-bild-210x300.jpg\" alt=\"dorothea bild\" width=\"210\" height=\"300\" srcset=\"https:\/\/wordpress-vgo440g88g4ow00008s4ook4.huppenbauer.net\/wp-content\/uploads\/2011\/02\/dorothea-bild-210x300.jpg 210w, https:\/\/wordpress-vgo440g88g4ow00008s4ook4.huppenbauer.net\/wp-content\/uploads\/2011\/02\/dorothea-bild.jpg 456w\" sizes=\"auto, (max-width: 210px) 100vw, 210px\" \/><\/a><\/p>\n<p>\nDorothea Baltzer, geboren in Wuppertal und aufgewachsen in M\u00fcnchen, erhielt ihre Ausbildung am Theater tri-b\u00fchne Stuttgart. Diesem Theater ist sie \u00fcber Jahre mit Unterbrechungen treu geblieben. Sie\u00a0unter der Regie von Valerij Fokin (Moskau) und Lazlo Bagossy (Budapest) Erfahrungen sammeln. Jetzt ist sie dort in dem St\u00fcck \u201eIn meinem Alter rauche ich immer noch heimlich\u201c der algerischen Autorin Rayhana zu sehen. 2009 war sie im Ensemble der Rockoper \u201eDas Lied von der Glocke\u201c mit Wolf Maahn. Mit der Werkstattb\u00fchne trat sie im Forum Theater auf, u.a. als \u201e Die Frau vom Meer\u201c von Henrik Ibsen. Die erfolgreiche Zusammenarbeit mit dem Tourneetheater Stuttgart(\u201eDer Gott des Gemetzels\u201c) wird seit 2018 mit der franz\u00f6sischen Kom\u00f6die\u00a0 \u201eIllusionen einer Ehe\u201c von Eric Assous weitergef\u00fchrt.<\/p>\n<p>\nIn &#8222;Iphigenie auf Tauris&#8220; von Christoph Willibald Gluck, einer Gast-Produktion der Pariser Oper in Stuttgart, wird sie Klytemn\u00e4stra schauspielerisch verk\u00f6rpern.<\/p>\n<p>\nSeit 2003 ist sie immer wieder als Sprecherin f\u00fcr den SWR oder Arte zu h\u00f6ren, \u00fcber drei Jahre war sie Hauptsprecherin der Stuttgarter Produktionen von \u201eFahr mal hin\u201c.<\/p>\n<p>\nMit Lesungen ( Kafka, Celan, M\u00f6rike etc.) erweiterte sie ihren Wirkungskreis und begann selbst mit der Konzeption literarischer Progamme wie 2011 die szenische Lesung \u201eIn der Mitte des Netzes \u2013 Helmuth James v. Moltke\u201c. Im Jubil\u00e4umsjahr der Reformation war sie\u00a0 zusammen mit den Stuttgarter Hymnus\u2013Chorknaben in Berlin, Potsdam, Heilbronn und Stuttgart. Unterwegs. Neuestes Ergebnis der guten Zusammenarbeit mit der Weimarer Cellistin Christina Mei\u00dfner ist das Lesekonzert \u201eSehnsucht nach Meer\u201c, das gerade in G\u00f6ppingen gastiert hat.<\/p>\n<p>&nbsp;<\/p>\n<p>&nbsp;<\/p>\n","protected":false},"excerpt":{"rendered":"<p>Dorothea Baltzer, geboren in Wuppertal und aufgewachsen in M\u00fcnchen, erhielt ihre Ausbildung am Theater tri-b\u00fchne Stuttgart. Diesem Theater ist sie \u00fcber Jahre mit Unterbrechungen treu geblieben. Sie\u00a0unter der Regie von [&hellip;]<\/p>\n","protected":false},"author":1,"featured_media":0,"parent":0,"menu_order":0,"comment_status":"open","ping_status":"open","template":"","meta":{"footnotes":""},"class_list":["post-19","page","type-page","status-publish","hentry"],"_links":{"self":[{"href":"https:\/\/wordpress-vgo440g88g4ow00008s4ook4.huppenbauer.net\/index.php?rest_route=\/wp\/v2\/pages\/19","targetHints":{"allow":["GET"]}}],"collection":[{"href":"https:\/\/wordpress-vgo440g88g4ow00008s4ook4.huppenbauer.net\/index.php?rest_route=\/wp\/v2\/pages"}],"about":[{"href":"https:\/\/wordpress-vgo440g88g4ow00008s4ook4.huppenbauer.net\/index.php?rest_route=\/wp\/v2\/types\/page"}],"author":[{"embeddable":true,"href":"https:\/\/wordpress-vgo440g88g4ow00008s4ook4.huppenbauer.net\/index.php?rest_route=\/wp\/v2\/users\/1"}],"replies":[{"embeddable":true,"href":"https:\/\/wordpress-vgo440g88g4ow00008s4ook4.huppenbauer.net\/index.php?rest_route=%2Fwp%2Fv2%2Fcomments&post=19"}],"version-history":[{"count":20,"href":"https:\/\/wordpress-vgo440g88g4ow00008s4ook4.huppenbauer.net\/index.php?rest_route=\/wp\/v2\/pages\/19\/revisions"}],"predecessor-version":[{"id":104,"href":"https:\/\/wordpress-vgo440g88g4ow00008s4ook4.huppenbauer.net\/index.php?rest_route=\/wp\/v2\/pages\/19\/revisions\/104"}],"wp:attachment":[{"href":"https:\/\/wordpress-vgo440g88g4ow00008s4ook4.huppenbauer.net\/index.php?rest_route=%2Fwp%2Fv2%2Fmedia&parent=19"}],"curies":[{"name":"wp","href":"https:\/\/api.w.org\/{rel}","templated":true}]}}