{"id":173,"date":"2013-02-10T14:04:10","date_gmt":"2013-02-10T14:04:10","guid":{"rendered":"http:\/\/dorotheabaltzer.de\/?page_id=173"},"modified":"2013-03-16T18:39:36","modified_gmt":"2013-03-16T18:39:36","slug":"romeo-und-julia","status":"publish","type":"page","link":"https:\/\/wordpress-vgo440g88g4ow00008s4ook4.huppenbauer.net\/?page_id=173","title":{"rendered":"Romeo und Julia"},"content":{"rendered":"<h3>Romeo und Julia<\/h3>\n<div>Dauer 2 Stunden 10 Minuten<\/div>\n<div>\n<p><em>Willst du schon fort? Es wird ja noch nicht Tag.<br \/>\nEs war die Nachtigall und nicht die Lerche,<br \/>\ndie eben jetzt dein banges Ohr durchdrang.<br \/>\nSie singt des Nachts auf dem Granatbaum dort.<br \/>\nGlaube mir, Lieber, s\u2019war die Nachtigall.<\/em><\/p>\n<p>In Verona, am Morgen nach einer Liebesnacht, fallen diese weltber\u00fchmten Worte. Wir erz\u00e4hlen die vielleicht ber\u00fchmteste Liebesgeschichte der Welt, die sich tief in unser kulturelles Bewusstsein gegraben hat, neu: William Shakespeares \u201eRomeo und Julia\u201d.<\/p>\n<p>Das Besondere ist die Besetzung der beiden Titelrollen (Yahi Nestor Gahe von der Elfenbeink\u00fcste als \u201eRomeo\u201d und Susan Wohlgemuth als \u201eJulia\u201d), die dem urspr\u00fcnglich famili\u00e4ren Konflikt zwischen den Capulets und den Montagues eine globalpolitische F\u00e4rbung gibt: kultureller Rassismus meets Shakespeare.<\/p>\n<p>Dass dabei trotzdem Leidenschaft, Poesie, Humor, T\u00e4nze und Fechtk\u00e4mpfe nicht zu kurz kommen, sei hier betont. Denn Shakespeare bedeutet auch f\u00fcr uns Volkstheater auf h\u00f6chstem Niveau.<\/p>\n<p><a title=\"tri-B\u00fchne\" href=\"http:\/\/www.tri-buehne.de\/spielplan\/repertoire\/2619\" target=\"_blank\">Hier geht es zur Seite der tri-B\u00fchne<\/a><\/p>\n<p><a href=\"https:\/\/wordpress-vgo440g88g4ow00008s4ook4.huppenbauer.net\/wp-content\/uploads\/2013\/02\/romeo_und_julia_schillidee05.jpg\"><img loading=\"lazy\" decoding=\"async\" class=\"alignnone size-medium wp-image-162\" title=\"Romeo und Julia in der tri-B\u00fchne\" src=\"https:\/\/wordpress-vgo440g88g4ow00008s4ook4.huppenbauer.net\/wp-content\/uploads\/2013\/02\/romeo_und_julia_schillidee05-300x200.jpg\" alt=\"\" width=\"300\" height=\"200\" srcset=\"https:\/\/wordpress-vgo440g88g4ow00008s4ook4.huppenbauer.net\/wp-content\/uploads\/2013\/02\/romeo_und_julia_schillidee05-300x200.jpg 300w, https:\/\/wordpress-vgo440g88g4ow00008s4ook4.huppenbauer.net\/wp-content\/uploads\/2013\/02\/romeo_und_julia_schillidee05-1024x682.jpg 1024w\" sizes=\"auto, (max-width: 300px) 100vw, 300px\" \/><\/a><\/p>\n<p>Foto: tri-b\u00fchne<\/p>\n<\/div>\n","protected":false},"excerpt":{"rendered":"<p>Romeo und Julia Dauer 2 Stunden 10 Minuten Willst du schon fort? Es wird ja noch nicht Tag. Es war die Nachtigall und nicht die Lerche, die eben jetzt dein [&hellip;]<\/p>\n","protected":false},"author":5,"featured_media":0,"parent":0,"menu_order":0,"comment_status":"open","ping_status":"closed","template":"","meta":{"footnotes":""},"class_list":["post-173","page","type-page","status-publish","hentry"],"_links":{"self":[{"href":"https:\/\/wordpress-vgo440g88g4ow00008s4ook4.huppenbauer.net\/index.php?rest_route=\/wp\/v2\/pages\/173","targetHints":{"allow":["GET"]}}],"collection":[{"href":"https:\/\/wordpress-vgo440g88g4ow00008s4ook4.huppenbauer.net\/index.php?rest_route=\/wp\/v2\/pages"}],"about":[{"href":"https:\/\/wordpress-vgo440g88g4ow00008s4ook4.huppenbauer.net\/index.php?rest_route=\/wp\/v2\/types\/page"}],"author":[{"embeddable":true,"href":"https:\/\/wordpress-vgo440g88g4ow00008s4ook4.huppenbauer.net\/index.php?rest_route=\/wp\/v2\/users\/5"}],"replies":[{"embeddable":true,"href":"https:\/\/wordpress-vgo440g88g4ow00008s4ook4.huppenbauer.net\/index.php?rest_route=%2Fwp%2Fv2%2Fcomments&post=173"}],"version-history":[{"count":10,"href":"https:\/\/wordpress-vgo440g88g4ow00008s4ook4.huppenbauer.net\/index.php?rest_route=\/wp\/v2\/pages\/173\/revisions"}],"predecessor-version":[{"id":239,"href":"https:\/\/wordpress-vgo440g88g4ow00008s4ook4.huppenbauer.net\/index.php?rest_route=\/wp\/v2\/pages\/173\/revisions\/239"}],"wp:attachment":[{"href":"https:\/\/wordpress-vgo440g88g4ow00008s4ook4.huppenbauer.net\/index.php?rest_route=%2Fwp%2Fv2%2Fmedia&parent=173"}],"curies":[{"name":"wp","href":"https:\/\/api.w.org\/{rel}","templated":true}]}}